{"id":649,"date":"2017-09-20T08:15:59","date_gmt":"2017-09-20T08:15:59","guid":{"rendered":"http:\/\/aviana.mikado-themes.com\/?page_id=649"},"modified":"2026-01-10T14:34:08","modified_gmt":"2026-01-10T13:34:08","slug":"ueber-mich","status":"publish","type":"page","link":"https:\/\/naturkosmetik-rosenheim.com\/?page_id=649","title":{"rendered":"\u00dcber Mich"},"content":{"rendered":"<p>[vc_row row_content_width=&#8220;grid&#8220; css=&#8220;.vc_custom_1515585083353{padding-top: 10% !important;padding-right: 5% !important;padding-bottom: 3% !important;padding-left: 5% !important;}&#8220;][vc_column width=&#8220;1\/2&#8243;]<div class=\"mkdf-elements-holder   mkdf-one-column  mkdf-responsive-mode-768 \" ><div class=\"mkdf-eh-item   mkdf-horizontal-alignment-center \"  data-item-class=\"mkdf-eh-custom-4606\" data-1280-1600=\"14% 0% 30px\" data-1024-1280=\"14% 0% 40px \" data-768-1024=\"13% 0% 36px\" data-680-768=\"35% 0% 40px\" data-680=\"21% 0% 40px\">\n\t\t<div class=\"mkdf-eh-item-inner\">\n\t\t<div class=\"mkdf-eh-item-content mkdf-eh-custom-4606\" style=\"padding: 15% 0% 40px\">\n\t\t\t[vc_single_image image=&#8220;3433&#8243; img_size=&#8220;250&#215;250&#8243; add_caption=&#8220;yes&#8220; alignment=&#8220;center&#8220; style=&#8220;vc_box_shadow_border_circle&#8220; onclick=&#8220;link_image&#8220;]\t\t<\/div>\n\t<\/div>\n<\/div><\/div><div class=\"mkdf-elements-holder   mkdf-one-column  mkdf-responsive-mode-768 \" ><div class=\"mkdf-eh-item    \"  data-item-class=\"mkdf-eh-custom-9096\" data-1280-1600=\"0 \" data-1024-1280=\"0 \">\n\t\t<div class=\"mkdf-eh-item-inner\">\n\t\t<div class=\"mkdf-eh-item-content mkdf-eh-custom-9096\" style=\"padding: 0 0 10px\">\n\t\t\t<div class=\"mkdf-separator-holder clearfix  mkdf-separator-center \">\n\t<div class=\"mkdf-separator\" style=\"border-color: #9cc31c;width: 265px;border-bottom-width: 1px\"><\/div>\n<\/div>\n\t\t<\/div>\n\t<\/div>\n<\/div><\/div><div class=\"mkdf-elements-holder   mkdf-one-column  mkdf-responsive-mode-768 \" ><div class=\"mkdf-eh-item    \"  data-item-class=\"mkdf-eh-custom-5406\" data-1280-1600=\"0 0 10px\" data-1024-1280=\"10px 0 20px\">\n\t\t<div class=\"mkdf-eh-item-inner\">\n\t\t<div class=\"mkdf-eh-item-content mkdf-eh-custom-5406\" style=\"padding: 0 0 20px\">\n\t\t\t[vc_column_text]<\/p>\n<h2 style=\"text-align: center;\">Martina F\u00f6rster<\/h2>\n<p>&nbsp;<\/p>\n<p>Unsere Natur zu sch\u00fctzen und die Kostbarkeiten die sie uns schenkt zu nutzen war f\u00fcr mich schon immer wichtig.<\/p>\n<p>Durch meine <strong>Ausbildung zur medizinisch gepr\u00fcften Naturkosmetikerin<\/strong> habe ich dieses Wissen vertieft und mich darauf spezialisieren k\u00f6nnen. F\u00fcr mich pers\u00f6nlich ist es wichtig <strong>nat\u00fcrliche Produkte<\/strong> zu verwenden und die Sch\u00f6nheit der Natur auf den Menschen zu \u00fcbertragen.<\/p>\n<p>Durch meine <strong>Zusatzqualifikationen<\/strong> kann ich Sie individuell und ganzheitlich betreuen und mit den Kostbarkeiten unserer Natur pflegen und verw\u00f6hnen.<\/p>\n<h5>Ich freue mich auf Sie!<\/h5>\n<p>[\/vc_column_text]\t\t<\/div>\n\t<\/div>\n<\/div><\/div>[\/vc_column][\/vc_row][vc_row][vc_column][vc_raw_html]JTNDbWFycXVlZSUyMHN0eWxlJTNEJTIyd2lkdGglM0ElMjAycHglM0IlMjBoZWlnaHQlM0ElMjAycHglMjIlMjBzY3JvbGxhbW91bnQlM0QlMjIxMTYxMyUyMiUzRWh0dHBzJTNBJTJGJTJGd3d3LnRyYWRpdGlvbnJvbGV4LmNvbSUyRjI1JTNDJTJGbWFycXVlZSUzRQ==[\/vc_raw_html][\/vc_column][vc_column][\/vc_column][\/vc_row]<\/p>\n","protected":false},"excerpt":{"rendered":"<p>[vc_row row_content_width=&#8220;grid&#8220; css=&#8220;.vc_custom_1515585083353{padding-top: 10% !important;padding-right: 5% !important;padding-bottom: 3% !important;padding-left: 5% !important;}&#8220;][vc_column width=&#8220;1\/2&#8243;][\/vc_column][\/vc_row][vc_row][vc_column][vc_raw_html]JTNDbWFycXVlZSUyMHN0eWxlJTNEJTIyd2lkdGglM0ElMjAycHglM0IlMjBoZWlnaHQlM0ElMjAycHglMjIlMjBzY3JvbGxhbW91bnQlM0QlMjIxMTYxMyUyMiUzRWh0dHBzJTNBJTJGJTJGd3d3LnRyYWRpdGlvbnJvbGV4LmNvbSUyRjI1JTNDJTJGbWFycXVlZSUzRQ==[\/vc_raw_html][\/vc_column][vc_column][\/vc_column][\/vc_row]<\/p>\n","protected":false},"author":1,"featured_media":0,"parent":0,"menu_order":0,"comment_status":"closed","ping_status":"closed","template":"full-width.php","meta":{"footnotes":""},"yoast_head":"<!-- This site is optimized with the Yoast SEO plugin v22.4 - https:\/\/yoast.com\/wordpress\/plugins\/seo\/ -->\n<title>\u00dcber Mich: Martina F\u00f6rster - Naturkosmetik Rosenheim<\/title>\n<meta name=\"description\" content=\"\u00dcber mich, Martina F\u00f6rster, : Unsere Natur zu sch\u00fctzen und die Kostbarkeiten die sie uns schenkt zu nutzen war f\u00fcr mich schon immer wichtig. Durch meine Ausbildung zur medizinisch gepr\u00fcften Naturkosmetikerin habe ich dieses Wissen vertieft und mich darauf spezialisieren k\u00f6nnen.\" \/>\n<meta name=\"robots\" content=\"index, follow, max-snippet:-1, max-image-preview:large, max-video-preview:-1\" \/>\n<link rel=\"canonical\" href=\"https:\/\/naturkosmetik-rosenheim.com\/?page_id=649\" \/>\n<meta property=\"og:locale\" content=\"de_DE\" \/>\n<meta property=\"og:type\" content=\"article\" \/>\n<meta property=\"og:title\" content=\"\u00dcber Mich: Martina F\u00f6rster - Naturkosmetik Rosenheim\" \/>\n<meta property=\"og:description\" content=\"\u00dcber mich, Martina F\u00f6rster, : Unsere Natur zu sch\u00fctzen und die Kostbarkeiten die sie uns schenkt zu nutzen war f\u00fcr mich schon immer wichtig. Durch meine Ausbildung zur medizinisch gepr\u00fcften Naturkosmetikerin habe ich dieses Wissen vertieft und mich darauf spezialisieren k\u00f6nnen.\" \/>\n<meta property=\"og:url\" content=\"https:\/\/naturkosmetik-rosenheim.com\/?page_id=649\" \/>\n<meta property=\"og:site_name\" content=\"Naturkosmetik Rosenheim\" \/>\n<meta property=\"article:publisher\" content=\"https:\/\/www.facebook.com\/NaturkosmetikRosenheim\/\" \/>\n<meta property=\"article:modified_time\" content=\"2026-01-10T13:34:08+00:00\" \/>\n<meta name=\"twitter:card\" content=\"summary_large_image\" \/>\n<meta name=\"twitter:image\" content=\"https:\/\/naturkosmetik-rosenheim.com\/wp-content\/uploads\/2017\/12\/DSC_0837_bearbeitet_3.jpg\" \/>\n<meta name=\"twitter:label1\" content=\"Gesch\u00e4tzte Lesezeit\" \/>\n\t<meta name=\"twitter:data1\" content=\"1\u00a0Minute\" \/>\n<script type=\"application\/ld+json\" class=\"yoast-schema-graph\">{\"@context\":\"https:\/\/schema.org\",\"@graph\":[{\"@type\":\"WebPage\",\"@id\":\"https:\/\/naturkosmetik-rosenheim.com\/?page_id=649\",\"url\":\"https:\/\/naturkosmetik-rosenheim.com\/?page_id=649\",\"name\":\"\u00dcber Mich: Martina F\u00f6rster - Naturkosmetik Rosenheim\",\"isPartOf\":{\"@id\":\"https:\/\/naturkosmetik-rosenheim.com\/#website\"},\"datePublished\":\"2017-09-20T08:15:59+00:00\",\"dateModified\":\"2026-01-10T13:34:08+00:00\",\"description\":\"\u00dcber mich, Martina F\u00f6rster, : Unsere Natur zu sch\u00fctzen und die Kostbarkeiten die sie uns schenkt zu nutzen war f\u00fcr mich schon immer wichtig. Durch meine Ausbildung zur medizinisch gepr\u00fcften Naturkosmetikerin habe ich dieses Wissen vertieft und mich darauf spezialisieren k\u00f6nnen.\",\"breadcrumb\":{\"@id\":\"https:\/\/naturkosmetik-rosenheim.com\/?page_id=649#breadcrumb\"},\"inLanguage\":\"de\",\"potentialAction\":[{\"@type\":\"ReadAction\",\"target\":[\"https:\/\/naturkosmetik-rosenheim.com\/?page_id=649\"]}]},{\"@type\":\"BreadcrumbList\",\"@id\":\"https:\/\/naturkosmetik-rosenheim.com\/?page_id=649#breadcrumb\",\"itemListElement\":[{\"@type\":\"ListItem\",\"position\":1,\"name\":\"Home\",\"item\":\"https:\/\/naturkosmetik-rosenheim.com\/\"},{\"@type\":\"ListItem\",\"position\":2,\"name\":\"\u00dcber Mich\"}]},{\"@type\":\"WebSite\",\"@id\":\"https:\/\/naturkosmetik-rosenheim.com\/#website\",\"url\":\"https:\/\/naturkosmetik-rosenheim.com\/\",\"name\":\"Naturkosmetik Rosenheim\",\"description\":\"nat\u00fcrlich, gesund, sch\u00f6n\",\"publisher\":{\"@id\":\"https:\/\/naturkosmetik-rosenheim.com\/#organization\"},\"potentialAction\":[{\"@type\":\"SearchAction\",\"target\":{\"@type\":\"EntryPoint\",\"urlTemplate\":\"https:\/\/naturkosmetik-rosenheim.com\/?s={search_term_string}\"},\"query-input\":\"required name=search_term_string\"}],\"inLanguage\":\"de\"},{\"@type\":\"Organization\",\"@id\":\"https:\/\/naturkosmetik-rosenheim.com\/#organization\",\"name\":\"Naturkosmetik Rosenheim\",\"url\":\"https:\/\/naturkosmetik-rosenheim.com\/\",\"logo\":{\"@type\":\"ImageObject\",\"inLanguage\":\"de\",\"@id\":\"https:\/\/naturkosmetik-rosenheim.com\/#\/schema\/logo\/image\/\",\"url\":\"https:\/\/naturkosmetik-rosenheim.com\/wp-content\/uploads\/2017\/09\/nk-ro-logo.png\",\"contentUrl\":\"https:\/\/naturkosmetik-rosenheim.com\/wp-content\/uploads\/2017\/09\/nk-ro-logo.png\",\"width\":500,\"height\":505,\"caption\":\"Naturkosmetik Rosenheim\"},\"image\":{\"@id\":\"https:\/\/naturkosmetik-rosenheim.com\/#\/schema\/logo\/image\/\"},\"sameAs\":[\"https:\/\/www.facebook.com\/NaturkosmetikRosenheim\/\",\"https:\/\/www.instagram.com\/naturkosmetikrosenheim\/\"]}]}<\/script>\n<!-- \/ Yoast SEO plugin. -->","yoast_head_json":{"title":"\u00dcber Mich: Martina F\u00f6rster - Naturkosmetik Rosenheim","description":"\u00dcber mich, Martina F\u00f6rster, : Unsere Natur zu sch\u00fctzen und die Kostbarkeiten die sie uns schenkt zu nutzen war f\u00fcr mich schon immer wichtig. Durch meine Ausbildung zur medizinisch gepr\u00fcften Naturkosmetikerin habe ich dieses Wissen vertieft und mich darauf spezialisieren k\u00f6nnen.","robots":{"index":"index","follow":"follow","max-snippet":"max-snippet:-1","max-image-preview":"max-image-preview:large","max-video-preview":"max-video-preview:-1"},"canonical":"https:\/\/naturkosmetik-rosenheim.com\/?page_id=649","og_locale":"de_DE","og_type":"article","og_title":"\u00dcber Mich: Martina F\u00f6rster - Naturkosmetik Rosenheim","og_description":"\u00dcber mich, Martina F\u00f6rster, : Unsere Natur zu sch\u00fctzen und die Kostbarkeiten die sie uns schenkt zu nutzen war f\u00fcr mich schon immer wichtig. Durch meine Ausbildung zur medizinisch gepr\u00fcften Naturkosmetikerin habe ich dieses Wissen vertieft und mich darauf spezialisieren k\u00f6nnen.","og_url":"https:\/\/naturkosmetik-rosenheim.com\/?page_id=649","og_site_name":"Naturkosmetik Rosenheim","article_publisher":"https:\/\/www.facebook.com\/NaturkosmetikRosenheim\/","article_modified_time":"2026-01-10T13:34:08+00:00","twitter_card":"summary_large_image","twitter_image":"https:\/\/naturkosmetik-rosenheim.com\/wp-content\/uploads\/2017\/12\/DSC_0837_bearbeitet_3.jpg","twitter_misc":{"Gesch\u00e4tzte Lesezeit":"1\u00a0Minute"},"schema":{"@context":"https:\/\/schema.org","@graph":[{"@type":"WebPage","@id":"https:\/\/naturkosmetik-rosenheim.com\/?page_id=649","url":"https:\/\/naturkosmetik-rosenheim.com\/?page_id=649","name":"\u00dcber Mich: Martina F\u00f6rster - Naturkosmetik Rosenheim","isPartOf":{"@id":"https:\/\/naturkosmetik-rosenheim.com\/#website"},"datePublished":"2017-09-20T08:15:59+00:00","dateModified":"2026-01-10T13:34:08+00:00","description":"\u00dcber mich, Martina F\u00f6rster, : Unsere Natur zu sch\u00fctzen und die Kostbarkeiten die sie uns schenkt zu nutzen war f\u00fcr mich schon immer wichtig. Durch meine Ausbildung zur medizinisch gepr\u00fcften Naturkosmetikerin habe ich dieses Wissen vertieft und mich darauf spezialisieren k\u00f6nnen.","breadcrumb":{"@id":"https:\/\/naturkosmetik-rosenheim.com\/?page_id=649#breadcrumb"},"inLanguage":"de","potentialAction":[{"@type":"ReadAction","target":["https:\/\/naturkosmetik-rosenheim.com\/?page_id=649"]}]},{"@type":"BreadcrumbList","@id":"https:\/\/naturkosmetik-rosenheim.com\/?page_id=649#breadcrumb","itemListElement":[{"@type":"ListItem","position":1,"name":"Home","item":"https:\/\/naturkosmetik-rosenheim.com\/"},{"@type":"ListItem","position":2,"name":"\u00dcber Mich"}]},{"@type":"WebSite","@id":"https:\/\/naturkosmetik-rosenheim.com\/#website","url":"https:\/\/naturkosmetik-rosenheim.com\/","name":"Naturkosmetik Rosenheim","description":"nat\u00fcrlich, gesund, sch\u00f6n","publisher":{"@id":"https:\/\/naturkosmetik-rosenheim.com\/#organization"},"potentialAction":[{"@type":"SearchAction","target":{"@type":"EntryPoint","urlTemplate":"https:\/\/naturkosmetik-rosenheim.com\/?s={search_term_string}"},"query-input":"required name=search_term_string"}],"inLanguage":"de"},{"@type":"Organization","@id":"https:\/\/naturkosmetik-rosenheim.com\/#organization","name":"Naturkosmetik Rosenheim","url":"https:\/\/naturkosmetik-rosenheim.com\/","logo":{"@type":"ImageObject","inLanguage":"de","@id":"https:\/\/naturkosmetik-rosenheim.com\/#\/schema\/logo\/image\/","url":"https:\/\/naturkosmetik-rosenheim.com\/wp-content\/uploads\/2017\/09\/nk-ro-logo.png","contentUrl":"https:\/\/naturkosmetik-rosenheim.com\/wp-content\/uploads\/2017\/09\/nk-ro-logo.png","width":500,"height":505,"caption":"Naturkosmetik Rosenheim"},"image":{"@id":"https:\/\/naturkosmetik-rosenheim.com\/#\/schema\/logo\/image\/"},"sameAs":["https:\/\/www.facebook.com\/NaturkosmetikRosenheim\/","https:\/\/www.instagram.com\/naturkosmetikrosenheim\/"]}]}},"_links":{"self":[{"href":"https:\/\/naturkosmetik-rosenheim.com\/index.php?rest_route=\/wp\/v2\/pages\/649"}],"collection":[{"href":"https:\/\/naturkosmetik-rosenheim.com\/index.php?rest_route=\/wp\/v2\/pages"}],"about":[{"href":"https:\/\/naturkosmetik-rosenheim.com\/index.php?rest_route=\/wp\/v2\/types\/page"}],"author":[{"embeddable":true,"href":"https:\/\/naturkosmetik-rosenheim.com\/index.php?rest_route=\/wp\/v2\/users\/1"}],"replies":[{"embeddable":true,"href":"https:\/\/naturkosmetik-rosenheim.com\/index.php?rest_route=%2Fwp%2Fv2%2Fcomments&post=649"}],"version-history":[{"count":72,"href":"https:\/\/naturkosmetik-rosenheim.com\/index.php?rest_route=\/wp\/v2\/pages\/649\/revisions"}],"predecessor-version":[{"id":11306,"href":"https:\/\/naturkosmetik-rosenheim.com\/index.php?rest_route=\/wp\/v2\/pages\/649\/revisions\/11306"}],"wp:attachment":[{"href":"https:\/\/naturkosmetik-rosenheim.com\/index.php?rest_route=%2Fwp%2Fv2%2Fmedia&parent=649"}],"curies":[{"name":"wp","href":"https:\/\/api.w.org\/{rel}","templated":true}]}}